{"id":216,"date":"2024-07-06T21:10:01","date_gmt":"2024-07-06T21:10:01","guid":{"rendered":"https:\/\/www.farobri.com\/limpieza\/?page_id=216"},"modified":"2024-07-06T21:10:46","modified_gmt":"2024-07-06T21:10:46","slug":"proteccion-de-datos","status":"publish","type":"page","link":"https:\/\/www.farobri.com\/limpieza\/proteccion-de-datos\/","title":{"rendered":"Protecci\u00f3n de Datos"},"content":{"rendered":"\t\t<div data-elementor-type=\"wp-page\" data-elementor-id=\"216\" class=\"elementor elementor-216\">\n\t\t\t\t\t\t<section class=\"elementor-section elementor-top-section elementor-element elementor-element-65938dd6 elementor-section-boxed elementor-section-height-default elementor-section-height-default\" data-id=\"65938dd6\" data-element_type=\"section\" data-settings=\"{&quot;background_background&quot;:&quot;classic&quot;}\">\n\t\t\t\t\t\t<div class=\"elementor-container elementor-column-gap-default\">\n\t\t\t\t\t<div class=\"elementor-column elementor-col-100 elementor-top-column elementor-element elementor-element-758c875c\" data-id=\"758c875c\" data-element_type=\"column\">\n\t\t\t<div class=\"elementor-widget-wrap elementor-element-populated\">\n\t\t\t\t\t\t<div class=\"elementor-element elementor-element-4bc62a75 elementor-widget elementor-widget-spacer\" data-id=\"4bc62a75\" data-element_type=\"widget\" data-widget_type=\"spacer.default\">\n\t\t\t\t<div class=\"elementor-widget-container\">\n\t\t\t<style>\/*! elementor - v3.22.0 - 26-06-2024 *\/\n.elementor-column .elementor-spacer-inner{height:var(--spacer-size)}.e-con{--container-widget-width:100%}.e-con-inner>.elementor-widget-spacer,.e-con>.elementor-widget-spacer{width:var(--container-widget-width,var(--spacer-size));--align-self:var(--container-widget-align-self,initial);--flex-shrink:0}.e-con-inner>.elementor-widget-spacer>.elementor-widget-container,.e-con>.elementor-widget-spacer>.elementor-widget-container{height:100%;width:100%}.e-con-inner>.elementor-widget-spacer>.elementor-widget-container>.elementor-spacer,.e-con>.elementor-widget-spacer>.elementor-widget-container>.elementor-spacer{height:100%}.e-con-inner>.elementor-widget-spacer>.elementor-widget-container>.elementor-spacer>.elementor-spacer-inner,.e-con>.elementor-widget-spacer>.elementor-widget-container>.elementor-spacer>.elementor-spacer-inner{height:var(--container-widget-height,var(--spacer-size))}.e-con-inner>.elementor-widget-spacer.elementor-widget-empty,.e-con>.elementor-widget-spacer.elementor-widget-empty{position:relative;min-height:22px;min-width:22px}.e-con-inner>.elementor-widget-spacer.elementor-widget-empty .elementor-widget-empty-icon,.e-con>.elementor-widget-spacer.elementor-widget-empty .elementor-widget-empty-icon{position:absolute;top:0;bottom:0;left:0;right:0;margin:auto;padding:0;width:22px;height:22px}<\/style>\t\t<div class=\"elementor-spacer\">\n\t\t\t<div class=\"elementor-spacer-inner\"><\/div>\n\t\t<\/div>\n\t\t\t\t<\/div>\n\t\t\t\t<\/div>\n\t\t\t\t<div class=\"elementor-element elementor-element-5cf2541a elementor-widget elementor-widget-heading\" data-id=\"5cf2541a\" data-element_type=\"widget\" data-widget_type=\"heading.default\">\n\t\t\t\t<div class=\"elementor-widget-container\">\n\t\t\t<style>\/*! elementor - v3.22.0 - 26-06-2024 *\/\n.elementor-heading-title{padding:0;margin:0;line-height:1}.elementor-widget-heading .elementor-heading-title[class*=elementor-size-]>a{color:inherit;font-size:inherit;line-height:inherit}.elementor-widget-heading .elementor-heading-title.elementor-size-small{font-size:15px}.elementor-widget-heading .elementor-heading-title.elementor-size-medium{font-size:19px}.elementor-widget-heading .elementor-heading-title.elementor-size-large{font-size:29px}.elementor-widget-heading .elementor-heading-title.elementor-size-xl{font-size:39px}.elementor-widget-heading .elementor-heading-title.elementor-size-xxl{font-size:59px}<\/style><h1 class=\"elementor-heading-title elementor-size-default\">Protecci\u00f3n de datos<\/h1>\t\t<\/div>\n\t\t\t\t<\/div>\n\t\t\t\t<div class=\"elementor-element elementor-element-38a4b6d2 elementor-widget-divider--separator-type-pattern elementor-widget-divider--view-line elementor-widget elementor-widget-divider\" data-id=\"38a4b6d2\" data-element_type=\"widget\" data-widget_type=\"divider.default\">\n\t\t\t\t<div class=\"elementor-widget-container\">\n\t\t\t<style>\/*! elementor - v3.22.0 - 26-06-2024 *\/\n.elementor-widget-divider{--divider-border-style:none;--divider-border-width:1px;--divider-color:#0c0d0e;--divider-icon-size:20px;--divider-element-spacing:10px;--divider-pattern-height:24px;--divider-pattern-size:20px;--divider-pattern-url:none;--divider-pattern-repeat:repeat-x}.elementor-widget-divider .elementor-divider{display:flex}.elementor-widget-divider .elementor-divider__text{font-size:15px;line-height:1;max-width:95%}.elementor-widget-divider .elementor-divider__element{margin:0 var(--divider-element-spacing);flex-shrink:0}.elementor-widget-divider .elementor-icon{font-size:var(--divider-icon-size)}.elementor-widget-divider .elementor-divider-separator{display:flex;margin:0;direction:ltr}.elementor-widget-divider--view-line_icon .elementor-divider-separator,.elementor-widget-divider--view-line_text .elementor-divider-separator{align-items:center}.elementor-widget-divider--view-line_icon .elementor-divider-separator:after,.elementor-widget-divider--view-line_icon .elementor-divider-separator:before,.elementor-widget-divider--view-line_text .elementor-divider-separator:after,.elementor-widget-divider--view-line_text .elementor-divider-separator:before{display:block;content:\"\";border-block-end:0;flex-grow:1;border-block-start:var(--divider-border-width) var(--divider-border-style) var(--divider-color)}.elementor-widget-divider--element-align-left .elementor-divider .elementor-divider-separator>.elementor-divider__svg:first-of-type{flex-grow:0;flex-shrink:100}.elementor-widget-divider--element-align-left .elementor-divider-separator:before{content:none}.elementor-widget-divider--element-align-left .elementor-divider__element{margin-left:0}.elementor-widget-divider--element-align-right .elementor-divider .elementor-divider-separator>.elementor-divider__svg:last-of-type{flex-grow:0;flex-shrink:100}.elementor-widget-divider--element-align-right .elementor-divider-separator:after{content:none}.elementor-widget-divider--element-align-right .elementor-divider__element{margin-right:0}.elementor-widget-divider--element-align-start .elementor-divider .elementor-divider-separator>.elementor-divider__svg:first-of-type{flex-grow:0;flex-shrink:100}.elementor-widget-divider--element-align-start .elementor-divider-separator:before{content:none}.elementor-widget-divider--element-align-start .elementor-divider__element{margin-inline-start:0}.elementor-widget-divider--element-align-end .elementor-divider .elementor-divider-separator>.elementor-divider__svg:last-of-type{flex-grow:0;flex-shrink:100}.elementor-widget-divider--element-align-end .elementor-divider-separator:after{content:none}.elementor-widget-divider--element-align-end .elementor-divider__element{margin-inline-end:0}.elementor-widget-divider:not(.elementor-widget-divider--view-line_text):not(.elementor-widget-divider--view-line_icon) .elementor-divider-separator{border-block-start:var(--divider-border-width) var(--divider-border-style) var(--divider-color)}.elementor-widget-divider--separator-type-pattern{--divider-border-style:none}.elementor-widget-divider--separator-type-pattern.elementor-widget-divider--view-line .elementor-divider-separator,.elementor-widget-divider--separator-type-pattern:not(.elementor-widget-divider--view-line) .elementor-divider-separator:after,.elementor-widget-divider--separator-type-pattern:not(.elementor-widget-divider--view-line) .elementor-divider-separator:before,.elementor-widget-divider--separator-type-pattern:not([class*=elementor-widget-divider--view]) .elementor-divider-separator{width:100%;min-height:var(--divider-pattern-height);-webkit-mask-size:var(--divider-pattern-size) 100%;mask-size:var(--divider-pattern-size) 100%;-webkit-mask-repeat:var(--divider-pattern-repeat);mask-repeat:var(--divider-pattern-repeat);background-color:var(--divider-color);-webkit-mask-image:var(--divider-pattern-url);mask-image:var(--divider-pattern-url)}.elementor-widget-divider--no-spacing{--divider-pattern-size:auto}.elementor-widget-divider--bg-round{--divider-pattern-repeat:round}.rtl .elementor-widget-divider .elementor-divider__text{direction:rtl}.e-con-inner>.elementor-widget-divider,.e-con>.elementor-widget-divider{width:var(--container-widget-width,100%);--flex-grow:var(--container-widget-flex-grow)}<\/style>\t\t<div class=\"elementor-divider\" style=\"--divider-pattern-url: url(&quot;data:image\/svg+xml,%3Csvg xmlns=&#039;http:\/\/www.w3.org\/2000\/svg&#039; preserveAspectRatio=&#039;none&#039; overflow=&#039;visible&#039; height=&#039;100%&#039; viewBox=&#039;0 0 24 24&#039; fill=&#039;black&#039; stroke=&#039;none&#039;%3E%3Cpolygon points=&#039;9.4,2 24,2 14.6,21.6 0,21.6&#039;\/%3E%3C\/svg%3E&quot;);\">\n\t\t\t<span class=\"elementor-divider-separator\">\n\t\t\t\t\t\t<\/span>\n\t\t<\/div>\n\t\t\t\t<\/div>\n\t\t\t\t<\/div>\n\t\t\t\t<div class=\"elementor-element elementor-element-2479cd1f elementor-widget elementor-widget-spacer\" data-id=\"2479cd1f\" data-element_type=\"widget\" data-widget_type=\"spacer.default\">\n\t\t\t\t<div class=\"elementor-widget-container\">\n\t\t\t\t\t<div class=\"elementor-spacer\">\n\t\t\t<div class=\"elementor-spacer-inner\"><\/div>\n\t\t<\/div>\n\t\t\t\t<\/div>\n\t\t\t\t<\/div>\n\t\t\t\t\t<\/div>\n\t\t<\/div>\n\t\t\t\t\t<\/div>\n\t\t<\/section>\n\t\t\t\t<section class=\"elementor-section elementor-top-section elementor-element elementor-element-21073abb elementor-section-boxed elementor-section-height-default elementor-section-height-default\" data-id=\"21073abb\" data-element_type=\"section\">\n\t\t\t\t\t\t<div class=\"elementor-container elementor-column-gap-default\">\n\t\t\t\t\t<div class=\"elementor-column elementor-col-100 elementor-top-column elementor-element elementor-element-6740be4b\" data-id=\"6740be4b\" data-element_type=\"column\">\n\t\t\t<div class=\"elementor-widget-wrap elementor-element-populated\">\n\t\t\t\t\t\t<div class=\"elementor-element elementor-element-52229010 elementor-widget elementor-widget-spacer\" data-id=\"52229010\" data-element_type=\"widget\" data-widget_type=\"spacer.default\">\n\t\t\t\t<div class=\"elementor-widget-container\">\n\t\t\t\t\t<div class=\"elementor-spacer\">\n\t\t\t<div class=\"elementor-spacer-inner\"><\/div>\n\t\t<\/div>\n\t\t\t\t<\/div>\n\t\t\t\t<\/div>\n\t\t\t\t\t<\/div>\n\t\t<\/div>\n\t\t\t\t\t<\/div>\n\t\t<\/section>\n\t\t\t\t<section class=\"elementor-section elementor-top-section elementor-element elementor-element-5c84f98c elementor-section-boxed elementor-section-height-default elementor-section-height-default\" data-id=\"5c84f98c\" data-element_type=\"section\">\n\t\t\t\t\t\t<div class=\"elementor-container elementor-column-gap-default\">\n\t\t\t\t\t<div class=\"elementor-column elementor-col-100 elementor-top-column elementor-element elementor-element-7057014e\" data-id=\"7057014e\" data-element_type=\"column\">\n\t\t\t<div class=\"elementor-widget-wrap elementor-element-populated\">\n\t\t\t\t\t\t<div class=\"elementor-element elementor-element-5ee86381 elementor-widget elementor-widget-text-editor\" data-id=\"5ee86381\" data-element_type=\"widget\" data-widget_type=\"text-editor.default\">\n\t\t\t\t<div class=\"elementor-widget-container\">\n\t\t\t<style>\/*! elementor - v3.22.0 - 26-06-2024 *\/\n.elementor-widget-text-editor.elementor-drop-cap-view-stacked .elementor-drop-cap{background-color:#69727d;color:#fff}.elementor-widget-text-editor.elementor-drop-cap-view-framed .elementor-drop-cap{color:#69727d;border:3px solid;background-color:transparent}.elementor-widget-text-editor:not(.elementor-drop-cap-view-default) .elementor-drop-cap{margin-top:8px}.elementor-widget-text-editor:not(.elementor-drop-cap-view-default) .elementor-drop-cap-letter{width:1em;height:1em}.elementor-widget-text-editor .elementor-drop-cap{float:left;text-align:center;line-height:1;font-size:50px}.elementor-widget-text-editor .elementor-drop-cap-letter{display:inline-block}<\/style>\t\t\t\t<div class=\"tab__content\"><h5 class=\"lead\">Protecci\u00f3n, Recogida y Tratamiento Automatizado de Datos de Car\u00e1cter Personal<\/h5><p class=\"lead\"><br \/>Los datos personales suministrados por el Usuario son confidenciales y est\u00e1n protegidos conforme a la Ley Org\u00e1nica 15\/1999, de 13 de diciembre de 1999, de Protecci\u00f3n de Datos de Car\u00e1cter Personal, del Real Decreto 1720\/2007, de 21 de diciembre, por el que se aprueba el reglamento de desarrollo de la Ley Org\u00e1nica 15\/1999, de 13 de diciembre, de protecci\u00f3n de datos de car\u00e1cter personal.<br \/><br \/>La Empresa informa a el Usuario acerca de su Pol\u00edtica de Protecci\u00f3n de Datos de Car\u00e1cter Personal, para que determine libre y voluntariamente si desea facilitar sus datos personales a trav\u00e9s del formulario electr\u00f3nico que enlaza con este documento. Las respuestas a las preguntas sobre datos personales que aparecen se\u00f1aladas en el Formulario de Suscripci\u00f3n con un asterisco (*) son de car\u00e1cter obligatorio.<br \/><br \/>La Empresa ha adoptado los niveles de seguridad de protecci\u00f3n de los datos personales legalmente requeridos, y ha instalado todos los medios y medidas t\u00e9cnicas a su alcance para evitar la p\u00e9rdida, mal uso, alteraci\u00f3n, acceso no autorizado y robo de los datos personales facilitados. No obstante, el Usuario debe ser consciente de que las medidas de seguridad en Internet no son inexpugnables.<br \/><br \/>La Empresa se reserva el derecho a modificar las presentes condiciones para adaptarlas a novedades o exigencias legislativas y jurisprudenciales, as\u00ed como a pr\u00e1cticas de la industria, teniendo en todo momento en cuenta los leg\u00edtimos intereses de el Usuario.<br \/><br \/>Los datos personales recogidos ser\u00e1n objeto de tratamiento automatizado e incorporados a los correspondientes ficheros automatizados por la Empresa.<\/p><h5 class=\"lead\"><br \/>Finalidad de la Recogida y Tratamiento Automatizado de Datos de Car\u00e1cter Personal<\/h5><p class=\"lead\"><br \/>La recogida y tratamiento automatizado de los datos personales, como consecuencia de la navegaci\u00f3n por las p\u00e1ginas del sitio Web, de la consulta, solicitud o contrataci\u00f3n de cualquier servicio de los ofrecidos por la Empresa, tiene como finalidad, adem\u00e1s de proporcionar a el Usuario una experiencia personalizada en la Red de los sitios de la Empresa, el mantenimiento de la relaci\u00f3n contractual establecida entre ambos, as\u00ed como la gesti\u00f3n, administraci\u00f3n, prestaci\u00f3n, ampliaci\u00f3n y mejora de los servicios en los que el Usuario decida suscribirse, darse de alta o utilizar, y la adecuaci\u00f3n de dichos servicios a las preferencias y gustos del mismo.<br \/><br \/>Asimismo, tiene como finalidad el estudio cuantitativo y cualitativo de las visitas y de la utilizaci\u00f3n de los servicios por parte de el Usuario, el dise\u00f1o de nuevos servicios relacionados con los servicios propios de la Empresa y sus actualizaciones, y el env\u00edo por medios tradicionales y electr\u00f3nicos de informaci\u00f3n t\u00e9cnica, operativa y comercial acerca de los productos y servicios ofrecidos por la misma.<br \/><br \/>En ning\u00fan caso, utilizar\u00e1 los datos personales de el Usuario para fines distintos de los descritos en las presentes condiciones, salvo previa advertencia recogida en el sitio Web, otorgando un plazo razonable para la oposici\u00f3n de el Usuario a ello.<br \/><br \/>La finalidad de la recogida y tratamiento automatizado de los datos personales incluye, igualmente, el env\u00edo de publicidad, de informaci\u00f3n relacionada con los par\u00e1metros concretos seleccionados por el Usuario en el Formulario de Suscripci\u00f3n y formularios de encuestas a trav\u00e9s de correo electr\u00f3nico, tanto por parte de la Empresa, como de los colaboradores del sitio Web.<br \/><br \/>El Usuario no queda obligado a recibir la mencionada publicidad e informaci\u00f3n ni a contestar las encuestas, se\u00f1al\u00e1ndolo as\u00ed en el Formulario de Suscripci\u00f3n a los servicios ofrecidos por la Empresa, acompa\u00f1ando en este caso copia del NIF o cualquier otro medio v\u00e1lido en derecho que permita acreditar su identidad.<br \/><br \/>En relaci\u00f3n al env\u00edo de publicidad, informaci\u00f3n y formularios de encuestas a trav\u00e9s de mensajes de correo electr\u00f3nico, la Empresa act\u00faa como intermediaria para el caso de que dicha informaci\u00f3n sea remitida por terceros.<\/p><h5 class=\"lead\"><br \/>Derechos de el Usuario en Relaci\u00f3n a Sus Datos Personales<\/h5><p class=\"lead\"><br \/>El Usuario tiene reconocidos, y podr\u00e1 ejercitar, los derechos de acceso, cancelaci\u00f3n, rectificaci\u00f3n y oposici\u00f3n al tratamiento, uso y cesi\u00f3n de sus datos mediante comunicaci\u00f3n por correo postal dirigido al domicilio social de la Empresa, acompa\u00f1ando en este caso copia del NIF o mediante cualquier otro medio v\u00e1lido en derecho que permita acreditar su identidad.<br \/><br \/>En la solicitud el\/la USUARIO\/A har\u00e1 constar:<br \/><br \/><i>Nombre, apellidos; petici\u00f3n en que se concreta la solicitud; direcci\u00f3n de correo electr\u00f3nico.<\/i><br \/><br \/>Asimismo, a el Usuario se le reconoce el derecho a ser informado de las finalidades para las que se autoriza el uso de sus datos y de las cesiones, previo consentimiento expreso del mismo, realizadas por la Empresa de sus datos a terceros.<\/p><h5 class=\"lead\"><br \/>Cesi\u00f3n de Datos Personales de el Usuario a Terceros<\/h5><p class=\"lead\"><br \/>La Empresa no ceder\u00e1 los datos personales de el Usuario que se recogen a trav\u00e9s del sitio Web a terceros sin el consentimiento expreso del mismo sin ofrecer previamente a el Usuario la posibilidad de aceptar, o no, esta cesi\u00f3n.<br \/><br \/>La Empresa informar\u00e1 expresamente a el Usuario sobre la cesi\u00f3n de sus datos de car\u00e1cter personal a terceros, indicando la identidad de los cesionarios y la finalidad de la cesi\u00f3n de los datos de car\u00e1cter personal.<br \/><br \/>El Usuario reconoce que la Empresa podr\u00e1 ceder, en su caso, sus datos personales al resto de sociedades de la Empresa con las mismas finalidades que se han indicado para la recogida de los datos personales por parte de la misma en relaci\u00f3n con sus respectivos productos y servicios, garantiz\u00e1ndose, en todo caso, la confidencialidad en el tratamiento automatizado de los datos de car\u00e1cter personal y aplic\u00e1ndose lo dispuesto en la presente Pol\u00edtica de Protecci\u00f3n de Datos de Car\u00e1cter Personal.<br \/><br \/>No obstante, para cualquier duda al respecto, el Usuario podr\u00e1 ponerse en contacto con la Empresa mediante correo postal dirigido al domicilio social de la misma, que podr\u00e1 encontrar en el apartado Informaci\u00f3n General del Sitio Web.<\/p><p>De conformidad con la ley de servicios de la sociedad de la informaci\u00f3n 34\/2002 se garantiza a el Usuario la posibilidad de dejar de recibir informaci\u00f3n comercial en un plazo m\u00e1ximo de 10 d\u00edas desde que comunique su voluntad mediante correo electr\u00f3nico dirigido a <a href=\"mailto:administracion@farobri.com\">administracion@farobri.com<\/a>.<\/p><\/div>\t\t\t\t\t\t<\/div>\n\t\t\t\t<\/div>\n\t\t\t\t\t<\/div>\n\t\t<\/div>\n\t\t\t\t\t<\/div>\n\t\t<\/section>\n\t\t\t\t<section class=\"elementor-section elementor-top-section elementor-element elementor-element-650de07e elementor-section-boxed elementor-section-height-default elementor-section-height-default\" data-id=\"650de07e\" data-element_type=\"section\">\n\t\t\t\t\t\t<div class=\"elementor-container elementor-column-gap-default\">\n\t\t\t\t\t<div class=\"elementor-column elementor-col-100 elementor-top-column elementor-element elementor-element-382f0883\" data-id=\"382f0883\" data-element_type=\"column\">\n\t\t\t<div class=\"elementor-widget-wrap elementor-element-populated\">\n\t\t\t\t\t\t<div class=\"elementor-element elementor-element-e3797c2 elementor-widget elementor-widget-spacer\" data-id=\"e3797c2\" data-element_type=\"widget\" data-widget_type=\"spacer.default\">\n\t\t\t\t<div class=\"elementor-widget-container\">\n\t\t\t\t\t<div class=\"elementor-spacer\">\n\t\t\t<div class=\"elementor-spacer-inner\"><\/div>\n\t\t<\/div>\n\t\t\t\t<\/div>\n\t\t\t\t<\/div>\n\t\t\t\t\t<\/div>\n\t\t<\/div>\n\t\t\t\t\t<\/div>\n\t\t<\/section>\n\t\t\t\t<\/div>\n\t\t","protected":false},"excerpt":{"rendered":"<p>Protecci\u00f3n de datos Protecci\u00f3n, Recogida y Tratamiento Automatizado de Datos de Car\u00e1cter Personal Los datos personales suministrados por el Usuario son confidenciales y est\u00e1n protegidos conforme a la Ley Org\u00e1nica 15\/1999, de 13 de diciembre de 1999, de Protecci\u00f3n de Datos de Car\u00e1cter Personal, del Real Decreto 1720\/2007, de 21 de diciembre, por el que [&hellip;]<\/p>\n","protected":false},"author":1,"featured_media":0,"parent":0,"menu_order":0,"comment_status":"closed","ping_status":"closed","template":"","meta":{"footnotes":""},"class_list":["post-216","page","type-page","status-publish","hentry"],"_links":{"self":[{"href":"https:\/\/www.farobri.com\/limpieza\/wp-json\/wp\/v2\/pages\/216","targetHints":{"allow":["GET"]}}],"collection":[{"href":"https:\/\/www.farobri.com\/limpieza\/wp-json\/wp\/v2\/pages"}],"about":[{"href":"https:\/\/www.farobri.com\/limpieza\/wp-json\/wp\/v2\/types\/page"}],"author":[{"embeddable":true,"href":"https:\/\/www.farobri.com\/limpieza\/wp-json\/wp\/v2\/users\/1"}],"replies":[{"embeddable":true,"href":"https:\/\/www.farobri.com\/limpieza\/wp-json\/wp\/v2\/comments?post=216"}],"version-history":[{"count":4,"href":"https:\/\/www.farobri.com\/limpieza\/wp-json\/wp\/v2\/pages\/216\/revisions"}],"predecessor-version":[{"id":224,"href":"https:\/\/www.farobri.com\/limpieza\/wp-json\/wp\/v2\/pages\/216\/revisions\/224"}],"wp:attachment":[{"href":"https:\/\/www.farobri.com\/limpieza\/wp-json\/wp\/v2\/media?parent=216"}],"curies":[{"name":"wp","href":"https:\/\/api.w.org\/{rel}","templated":true}]}}